n factor of p and 128?
64
Suppose 0 = 10*c - 227 - 293. What is the highest common divisor of 32 and c?
4
Let c be (52/78)/(((-21)/(-162))/7). What is the greatest common factor of c and 15?
3
Suppose 4*y - 1440 = -0*y. Let n = 3220 + -3180. Calculate the highest common factor of y and n.
40
Let z be (-2)/(-3) - ((-380)/6 - -7). What is the greatest common divisor of z and 361?
19
Let r = 21 + -1. Suppose 42*y + 70 = 45*y + 4*u, 0 = 5*u + 25. What is the highest common factor of r and y?
10
Suppose 0 = g - 0*g + 5. Let s = g + 11. Suppose 180 = s*l - 3*l. Calculate the highest common divisor of 20 and l.
20
Let d = 185 + -24. What is the highest common divisor of d and 7?
7
Let n = -18 - -20. Let j be n - (-9 + 2) - 3. Suppose -5*b + 6*b - j = 0. What is the highest common divisor of 12 and b?
6
Let h(u) = u**3 + 12*u**2 + 10*u + 6. Let a be h(-11). Calculate the greatest common factor of a and 289.
17
Let g = -3 + 6. Suppose -2*j - 10 = g*j, 3*o - 56 = j. Let h = o + -14. What is the highest common divisor of 1 and h?
1
Let p(t) be the third derivative of -t**5/60 + t**4/6 - t**3/3 + 13*t**2. Let c be p(3). Calculate the greatest common factor of 11 and c.
1
Let i(w) = -2*w**2 + 28*w - 31. Let s be i(12). Calculate the highest common divisor of 969 and s.
17
Let g(d) = -d**3 - 6*d**2 + 8*d + 9. Let o be g(-7). Suppose -5*w + 8 = -2*m, 0*m - o*w + 14 = m. Calculate the highest common factor of m and 42.
6
Suppose -2*s - 3*k = -65, 4*s = s - 4*k + 96. Suppose -5*r - 28 = -8. Let u be (448/(-20))/r*5. Calculate the highest common factor of s and u.
28
Suppose -w + k = -1, -2*k = -w - 7*k + 7. What is the greatest common divisor of 14 and w?
2
Suppose 0 = -6*y + 1 + 323. Calculate the greatest common divisor of 30 and y.
6
Let w be -2 - (-1)/(2/6). Suppose 5*h + 13 = -n, 0 = n - 0*n - h + w. Let b be 7 - n*(-2)/(-3). Calculate the greatest common divisor of b and 99.
9
Suppose 0 = 2*n, 6*t - 2*t + n = 40. Let z = -10 + t. Let s = 21 - z. What is the highest common factor of s and 14?
7
Suppose 66 = -2*t + 7*c - 11*c, 4*t = 5*c - 93. Let y = t + 38. Calculate the greatest common divisor of 121 and y.
11
Let h be (-2)/8 + 7/((-84)/237). Let m = h + 46. What is the greatest common divisor of 117 and m?
13
Let q = -24 + 37. Let b = 88 + -45. Let l = b - q. What is the highest common divisor of 5 and l?
5
Let u = 688 - 654. What is the highest common divisor of 578 and u?
34
Let f be (-7)/(21/(-6)) - 20. Let r be 1*f*(-1)/2. Suppose 17*m = 18*m - 72. Calculate the highest common divisor of r and m.
9
Let r = 379 - 373. What is the highest common factor of r and 46?
2
Let d = -16 - -22. Let i = 109 + -100. Calculate the greatest common divisor of d and i.
3
Let x be 12*((-108)/(-16) - 6). What is the highest common factor of x and 9?
9
Suppose -8 = 5*n - 33. Let i be 147/7*n/3. Let y be (28/(-10))/(3/(-15)). Calculate the greatest common divisor of i and y.
7
Let k = 166 - 159. What is the highest common divisor of k and 56?
7
Let x be (-1 + 4)*10/15. Let o be x*(-2 + 1)*-7. What is the highest common factor of o and 14?
14
Suppose 0 = -5*f + 601 + 199. What is the greatest common factor of 128 and f?
32
Suppose 2*a - 45 = 3*j, 0 = 4*a - 0*j + 4*j - 120. What is the highest common factor of 6 and a?
3
Let u = 3 - -1. Suppose 0 = p - u. What is the highest common factor of p and 36?
4
Let w be (-2)/(-8) - (-7)/4. Let m(i) = 46*i - 35*i + 0 - 1 + 0. Let u be m(w). Calculate the greatest common divisor of 14 and u.
7
Suppose v = -2*n + 5, -2*n = 2*n - 4*v + 20. Let k be 1 - (3 + -3 - n - 86). Calculate the greatest common factor of k and 29.
29
Let r = -54 + 71. Let o be (-6)/(-1 + 0 - 1). Let q be ((-204)/16)/(o/(-8)). Calculate the greatest common factor of r and q.
17
Let a(k) = -31*k - 5. Let w(y) = 15*y + 3. Let n(b) = 4*a(b) + 7*w(b). Let s be n(-1). Calculate the greatest common factor of s and 60.
20
Let v = -19 + 20. Let n = 7 + -10. Let m be n + 2 - (-23)/v. Calculate the highest common factor of 33 and m.
11
Suppose -5*u - 41 = -i, -u + 109 = 5*i - 2*u. Let q be 4/(3 - 7)*(-42)/7. What is the greatest common factor of q and i?
3
Let f be -5*(-86)/20*-12 - 2. Let k = f - -500. Calculate the greatest common factor of 30 and k.
30
Suppose -z + d + 33 = 0, -5*d = -5*z - 8*d + 173. Calculate the greatest common factor of z and 578.
34
Let c = 253 - 175. Let v = 90 - c. Calculate the greatest common divisor of 42 and v.
6
Let q be (-992)/(-10) - (10 - (10 + (-13)/65)). Let l = 18 - -4. Calculate the highest common factor of l and q.
11
Suppose 3*r - 10 = -7. Let f be 133/14*r*10. What is the highest common factor of f and 19?
19
Let o be (10/(-4))/((-745)/1788). Suppose s = -3*r + 63, -3*s + r = -4*r - 203. What is the highest common factor of s and o?
6
Let g = 1167 - 815. Calculate the highest common factor of 96 and g.
32
Let o(v) = v**2 + 11*v + 27. Let c be o(-7). Let z be (c - -25)*-8*7/(-28). What is the greatest common divisor of 240 and z?
48
Let q be ((-350)/60)/(-35) + 862/12. Calculate the highest common factor of 192 and q.
24
Let w be (-69)/(-184) - (-3 - 149/8). Suppose -6*g + 2*g + 132 = 0. What is the greatest common factor of g and w?
11
Let b be 140/34 + 3*10/(-255). Suppose 4*f - 332 = b*y, 3*f + f - 287 = -5*y. Calculate the highest common factor of 26 and f.
26
Suppose -108 = -9*n + 216. Calculate the highest common factor of n and 162.
18
Let f = -2359 + 2458. Calculate the greatest common factor of f and 473.
11
Let i(c) = 3*c**2 + 13*c + 12. Let z(b) = -4*b**2 - 14*b - 11. Let v(j) = -3*i(j) - 2*z(j). Let p be v(-6). Calculate the greatest common factor of p and 2.
2
Let o = -9 + 10. Suppose -3*l = 26 + 31. Let n = -8 - l. Calculate the highest common factor of o and n.
1
Suppose 20 = 2*v + 3*f, -2*v = -3*f + 2 + 2. Suppose -5*l = -v*d + 81, -5*d - 4*l + 6 + 44 = 0. What is the greatest common factor of 21 and d?
7
Suppose -10*v = 10 + 270. Let p = 38 + v. Calculate the greatest common factor of p and 70.
10
Suppose -5*y + 65 = -5*i, -6*y + 5*y + 4*i = -1. Let z be ((-55)/15 + 3)*459/(-6). What is the greatest common factor of y and z?
17
Let u(b) = 14*b**2 - 9*b - 23. Let f be u(-2). What is the highest common divisor of f and 867?
51
Let y = 259 + -215. Calculate the highest common factor of 308 and y.
44
Let g(d) = d**3 - 5*d**2 - 31*d - 7. Let h be g(12). What is the highest common factor of h and 37?
37
Let q = 777 + -768. What is the greatest common divisor of q and 87?
3
Let v(p) = 75*p - 51. Let z be v(2). Suppose 2*w + 2 = 6. Let y = 13 - w. Calculate the greatest common factor of z and y.
11
Let a be 3/(-3 - (-168)/57). Let m = 39 + a. Let k = 1 - m. Calculate the highest common factor of 133 and k.
19
Let p(o) = -28*o + 18*o**2 + 13*o**3 + 10*o**2 + 39 - 14*o**3. Let z be p(27). What is the greatest common factor of 16 and z?
4
Let f be (744/(-310))/((-4)/30). Let b be 3/6 + (-25)/2. Let v be 2/8 - 537/b. Calculate the highest common factor of f and v.
9
Let y(l) = -l**2 - 4*l. Let c be y(-2). Suppose c*i - 16 = -z, 0 = -z - i - i + 14. Calculate the highest common divisor of 3 and z.
3
Suppose 5*j + p - 2360 = 0, p + 405 + 539 = 2*j. Suppose 48 = 2*c + 2*c. Let l be j/c + (-8)/(-12). Calculate the highest common divisor of l and 10.
10
Let c(h) = h**3 + 3*h**2 - 5*h - 2. Let t be c(-4). Suppose m = -2*b - 1, 0 = 3*m + 4*b - 1 - 2. What is the greatest common divisor of t and m?
1
Let n be (30/(-27))/(-5) + (-158)/(-18). Calculate the highest common divisor of 144 and n.
9
Let o(f) = 4*f**3 + 100*f**2 + 89*f - 4. Let x be o(-24). Calculate the highest common divisor of 738 and x.
82
Suppose -4*l = -f + 195, -3*f + 613 = l + l. Let t be -2 - (-2*1 - f). Let u = -146 + 175. What is the highest common factor of u and t?
29
Let l(x) = 3*x - 31. Let z be l(8). Let f be z/(-7) + (-27)/(-1). Let q(m) = -43*m - 1. Let n be q(-1). What is the greatest common divisor of f and n?
14
Suppose 0 = 2*t - 4 - 4. Suppose 0 = 3*b - 0*b - 1719. Suppose -b = -t*m - 113. What is the greatest common divisor of m and 46?
23
Suppose -3*x = 6, 0 = 3*p - 8*x + 10*x - 599. Calculate the greatest common factor of 3 and p.
3
Let h be -2 + (-8 + 4 - -5). Let x be 0 - (-2 - (0 - h)). Suppose x*b - 879 = -3*f, 5*b - 3*b = -8. What is the hig